?
True
Is 447503 prime?
False
Is 8483 prime?
False
Is 173473 prime?
True
Is 3107 composite?
True
Is 257857 a composite number?
False
Is 2819 prime?
True
Is 400381 a prime number?
True
Is 89153 a composite number?
False
Is 1247117 prime?
True
Is 179623 composite?
False
Is 53351 composite?
True
Is 4049 prime?
True
Is 3271 a composite number?
False
Is 191 a composite number?
False
Is 158003 composite?
False
Is 485263 a prime number?
True
Is 68071 a prime number?
True
Is 53653 composite?
False
Is 3513 a prime number?
False
Is 34841 a composite number?
False
Is 195967 composite?
False
Is 5469 prime?
False
Is 1337 composite?
True
Is 55103 prime?
True
Is 1403531 prime?
True
Is 22481 prime?
True
Is 1366 a composite number?
True
Is 11561 a prime number?
False
Is 155 a prime number?
False
Is 3266411 prime?
False
Is 2157491 a composite number?
True
Is 42379 prime?
True
Is 169891 a composite number?
False
Is 404837 a composite number?
False
Is 746219 composite?
True
Is 11281 prime?
False
Is 7115 composite?
True
Is 2064629 a prime number?
False
Is 409243 a composite number?
True
Is 73495 a composite number?
True
Is 1721455 a prime number?
False
Is 8807 prime?
True
Is 90677 a prime number?
True
Is 20297 prime?
True
Is 2063 prime?
True
Is 49103 prime?
True
Is 14453 composite?
True
Is 2157985 a prime number?
False
Is 1181171 a composite number?
False
Is 35873 a prime number?
False
Is 42803 a prime number?
False
Is 44651 a prime number?
True
Is 44839 a prime number?
True
Is 287137 a composite number?
False
Is 81503 a composite number?
True
Is 8198 a composite number?
True
Is 15119 a prime number?
False
Is 58631 a composite number?
False
Is 184309 prime?
True
Is 7039 composite?
False
Is 6051 a prime number?
False
Is 1537457 composite?
False
Is 42149 a prime number?
False
Is 444923 prime?
False
Is 17291 a composite number?
False
Is 19378 composite?
True
Is 223297 composite?
True
Is 159517 composite?
True
Is 591317 prime?
True
Is 52343 a composite number?
True
Is 19583 prime?
True
Is 142657 a prime number?
True
Is 18017 a composite number?
True
Is 104782 a composite number?
True
Is 11861 prime?
False
Is 15191 a composite number?
True
Is 25393 prime?
False
Is 124715 a composite number?
True
Is 1081373 a composite number?
True
Is 11545 composite?
True
Is 4783 prime?
True
Is 71609 a prime number?
False
Is 26759 prime?
True
Is 345011 composite?
False
Is 22457 a prime number?
False
Is 216289 prime?
True
Is 255527 a prime number?
False
Is 26669 composite?
False
Is 1141627 prime?
False
Is 6157 prime?
False
Is 14339 a prime number?
False
Is 232453 prime?
False
Is 1045621 a prime number?
True
Is 303851 a composite number?
True
Is 80635 composite?
True
Is 50937 a prime number?
False
Is 13081 a prime number?
False
Is 21787 a composite number?
False
Is 3359 a prime number?
True
Is 8059 prime?
True
Is 30359 prime?
False
Is 391 a prime number?
False
Is 70282 prime?
False
Is 447839 a prime number?
False
Is 7003 composite?
True
Is 3833 a composite number?
False
Is 41491 a prime number?
True
Is 759019 prime?
True
Is 73121 a prime number?
True
Is 96989 prime?
True
Is 39137 a composite number?
True
Is 64679 composite?
False
Is 44493 composite?
True
Is 1227 a composite number?
True
Is 683071 a composite number?
False
Is 15403 a composite number?
True
Is 13909 prime?
False
Is 26669 composite?
False
Is 160499 prime?
True
Is 35591 prime?
True
Is 276613 composite?
True
Is 1967 a prime number?
False
Is 1139 composite?
True
Is 37951 composite?
False
Is 708005 a composite number?
True
Is 14439 prime?
False
Is 610523 a prime number?
True
Is 247519 composite?
False
Is 5147 prime?
True
Is 209059 a composite number?
True
Is 9587 composite?
False
Is 6439 composite?
True
Is 23515 a composite number?
True
Is 311179 composite?
True
Is 10847 prime?
True
Is 2813 prime?
False
Is 584638 composite?
True
Is 205889 prime?
False
Is 3737 composite?
True
Is 32447 a composite number?
True
Is 11255 a composite number?
True
Is 79063 a composite number?
False
Is 29221 a prime number?
True
Is 225427 a prime number?
True
Is 3079 a composite number?
False
Is 55963 prime?
False
Is 18923 a composite number?
True
Is 53069 composite?
False
Is 128311 prime?
True
Is 31907 a composite number?
False
Is 3847 a composite number?
False
Is 856883 composite?
True
Is 15217 prime?
True
Is 544367 composite?
False
Is 763474 a composite number?
True
Is 29599 prime?
True
Is 2705147 a composite number?
False
Is 31754 a prime number?
False
Is 1026473 a composite number?
True
Is 938279 composite?
False
Is 4703 a prime number?
True
Is 27021 prime?
False
Is 40343 a composite number?
False
Is 105055 composite?
True
Is 121139 composite?
False
Is 298293 composite?
True
Is 86297 composite?
False
Is 773947 a composite number?
True
Is 2333 composite?
False
Is 28493 a prime number?
True
Is 147283 a composite number?
False
Is 842041 a prime number?
True
Is 5557 composite?
False
Is 5414969 a prime number?
False
Is 6953 prime?
False
Is 429851 a composite number?
False
Is 371779 prime?
True
Is 1458817 a prime number?
True
Is 47249 a composite number?
True
Is 2269 prime?
True
Is 37121 prime?
False
Is 8189 a composite number?
True
Is 2417 composite?
False
Is 217699 a prime number?
False
Is 924031 a prime number?
True
Is 974213 composite?
False
Is 221779 prime?
False
Is 207191 a prime number?
True
Is 143015 a composite number?
True
Is 13033 prime?
True
Is 10831 composite?
False
Is 646657 a composite number?
True
Is 55511 a prime number?
True
Is 50683 a prime number?
True
Is 173751 composite?
True
Is 29803 prime?
True
Is 39499 prime?
True
Is 107971 prime?
True
Is 55 a composite number?
True
Is 8249 a composite number?
True
Is 659389 a composite number?
True
Is 136501 a prime number?
True
Is 41443 composite?
False
Is 28651 prime?
False
Is 13157 composite?
True
Is 99059 a composite number?
True
Is 435913 a prime number?
True
Is 191951 prime?
False
Is 120671 prime?
True
Is 5519 composite?
False
Is 385619 prime?
False
Is 787793 composite?
False
Is 18789 a composite number?
True
Is 33541 prime?
False
Is 4327 a composite number?
False
Is 673 prime?
True
Is 11659 composite?
True
Is 4181 a composite number?
True
Is 265313 a composite number?
False
Is 497 a prime number?
False
Is 154321 a composite number?
False
Is 72843 prime?
False
Is 1637539 prime?
True
Is 21929 composite?
False
Is 5167 prime?
True
Is 53503 a composite number?
False
Is 4223433 composite?
True
Is 22271 composite?
False
Is 14281 a prime number?
True
Is 43739 composite?
True
Is 32521 prime?
False
Is 36827 a prime number?
False
Is 1361 a composite number?
False
Is 20789 composite?
False
Is 364937 a composite number?
False
Is 5779 a composite number?
False
Is 559451 composite?
False
Is 1049 a prime number?
True
Is 16183 a composite number?
False
Is 139703 prime?
True
Is 155027 a prime number?
True
Is 186603 composite?
True
Is 39079 a composite number?
False
Is 7621 a composite number?
False
Is 14683 prime?
True
Is 557 a composite number?
False
Is 575859 prime?
False
Is 2469251 a composite number?
False
Is 8941 prime?
True
Is 175803 a composite number?
True
Is 64273 composite?
True
Is 403253 a prime number?
True
Is 573241 composite?
True
Is 227455 composite?
True
Is 485861 a prime number?
False
Is 158489 prime?
True
Is 115189 a prime number?
False
Is 82769 composite?
True
Is 12433 prime?
True
Is 40279 prime?
False
Is 928417 a prime number?
False
Is 30059 composite?
False
Is 1377403 composite?
False
Is 2374831 a composite number?
False
Is 347 prime?
True
Is 4127 a composite number?
False
Is 1477577 a composite number?
False
Is 3235 composite?
True
Is 17471 prime?
True
Is 829 composite?
False
Is 30491 prime?
True
Is 24935 a prime number?
False
Is 24907 a composite number?
False
Is 259 a composite number?
True
Is 29473 composite?
False
Is 94223 a prime number?
False
Is 7901 composite?
False
Is 9259 composite?
True
Is 77989 composite?
True
Is 14995 a prime number?
False
Is 63094 a composite number?
True
Is 7817 prime?
True
Is 120662 prime?
False
Is 11273 a composite number?
False
Is 30431 composite?
False
Is 1777 a composite number?
False
Is 652031 a prime number?
False
Is 7201 a composite number?
True
Is 114443 a composite number?
True
Is 63793 a composite number?
False
Is 127423 a composite num